{"id":5384,"date":"2021-12-22T23:12:09","date_gmt":"2021-12-23T04:12:09","guid":{"rendered":"https:\/\/www.distrab.com\/Word_Press\/?page_id=5384"},"modified":"2022-01-13T20:04:07","modified_gmt":"2022-01-14T01:04:07","slug":"experiencia-2","status":"publish","type":"page","link":"https:\/\/www.distrab.com\/Word_Press\/experiencia-2\/","title":{"rendered":"Experiencia"},"content":{"rendered":"\t\t<div data-elementor-type=\"wp-page\" data-elementor-id=\"5384\" class=\"elementor elementor-5384\" data-elementor-settings=\"[]\">\n\t\t\t\t\t\t\t<div class=\"elementor-section-wrap\">\n\t\t\t\t\t\t\t<section class=\"elementor-section elementor-top-section elementor-element elementor-element-81bf0aa elementor-hidden-tablet elementor-hidden-mobile elementor-section-boxed elementor-section-height-default elementor-section-height-default\" data-id=\"81bf0aa\" data-element_type=\"section\" data-settings=\"{&quot;background_background&quot;:&quot;classic&quot;}\">\n\t\t\t\t\t\t<div class=\"elementor-container elementor-column-gap-default\">\n\t\t\t\t\t<div class=\"elementor-column elementor-col-100 elementor-top-column elementor-element elementor-element-7066d8b elementor-hidden-tablet elementor-hidden-mobile\" data-id=\"7066d8b\" data-element_type=\"column\">\n\t\t\t<div class=\"elementor-widget-wrap\">\n\t\t\t\t\t\t\t\t\t<\/div>\n\t\t<\/div>\n\t\t\t\t\t\t\t<\/div>\n\t\t<\/section>\n\t\t\t\t<section class=\"elementor-section elementor-top-section elementor-element elementor-element-4073968 elementor-hidden-desktop elementor-section-boxed elementor-section-height-default elementor-section-height-default\" data-id=\"4073968\" data-element_type=\"section\" data-settings=\"{&quot;background_background&quot;:&quot;classic&quot;}\">\n\t\t\t\t\t\t<div class=\"elementor-container elementor-column-gap-default\">\n\t\t\t\t\t<div class=\"elementor-column elementor-col-100 elementor-top-column elementor-element elementor-element-5795933\" data-id=\"5795933\" data-element_type=\"column\">\n\t\t\t<div class=\"elementor-widget-wrap\">\n\t\t\t\t\t\t\t\t\t<\/div>\n\t\t<\/div>\n\t\t\t\t\t\t\t<\/div>\n\t\t<\/section>\n\t\t\t\t<section class=\"elementor-section elementor-top-section elementor-element elementor-element-727ea1b0 elementor-section-full_width elementor-section-height-default elementor-section-height-default\" data-id=\"727ea1b0\" data-element_type=\"section\">\n\t\t\t\t\t\t<div class=\"elementor-container elementor-column-gap-default\">\n\t\t\t\t\t<div class=\"elementor-column elementor-col-100 elementor-top-column elementor-element elementor-element-3e67712c\" data-id=\"3e67712c\" data-element_type=\"column\">\n\t\t\t<div class=\"elementor-widget-wrap elementor-element-populated\">\n\t\t\t\t\t\t\t\t<div class=\"elementor-element elementor-element-1d9e2ce8 elementor-widget elementor-widget-spacer\" data-id=\"1d9e2ce8\" data-element_type=\"widget\" data-widget_type=\"spacer.default\">\n\t\t\t\t<div class=\"elementor-widget-container\">\n\t\t\t\t\t<div class=\"elementor-spacer\">\n\t\t\t<div class=\"elementor-spacer-inner\"><\/div>\n\t\t<\/div>\n\t\t\t\t<\/div>\n\t\t\t\t<\/div>\n\t\t\t\t<div class=\"elementor-element elementor-element-b744daf elementor-widget elementor-widget-wgl-double-heading\" data-id=\"b744daf\" data-element_type=\"widget\" data-widget_type=\"wgl-double-heading.default\">\n\t\t\t\t<div class=\"elementor-widget-container\">\n\t\t\t<div class=\"wgl-double-heading\"><h3 class=\"dblh__title-wrapper\"><span class=\"dblh__title dblh__title-1\">Historia de <\/span><span class=\"dblh__title dblh__title-2\">la compa\u00f1\u00eda<\/span><\/h3><\/div>\t\t<\/div>\n\t\t\t\t<\/div>\n\t\t\t\t<div class=\"elementor-element elementor-element-4a942b6f elementor-widget elementor-widget-text-editor\" data-id=\"4a942b6f\" data-element_type=\"widget\" data-widget_type=\"text-editor.default\">\n\t\t\t\t<div class=\"elementor-widget-container\">\n\t\t\t<style>\/*! elementor - v3.5.3 - 28-12-2021 *\/\n.elementor-widget-text-editor.elementor-drop-cap-view-stacked .elementor-drop-cap{background-color:#818a91;color:#fff}.elementor-widget-text-editor.elementor-drop-cap-view-framed .elementor-drop-cap{color:#818a91;border:3px solid;background-color:transparent}.elementor-widget-text-editor:not(.elementor-drop-cap-view-default) .elementor-drop-cap{margin-top:8px}.elementor-widget-text-editor:not(.elementor-drop-cap-view-default) .elementor-drop-cap-letter{width:1em;height:1em}.elementor-widget-text-editor .elementor-drop-cap{float:left;text-align:center;line-height:1;font-size:50px}.elementor-widget-text-editor .elementor-drop-cap-letter{display:inline-block}<\/style>\t\t\t\t<p><span>Una historia de m\u00e1s de 39 a\u00f1os, sin embargo solo se puede explicar con cada paso, cada decisi\u00f3n y cada acierto que nos han llevado a ser quienes somos hoy.<\/span><\/p>\t\t\t\t\t\t<\/div>\n\t\t\t\t<\/div>\n\t\t\t\t<div class=\"elementor-element elementor-element-1ffa42f3 elementor-widget elementor-widget-spacer\" data-id=\"1ffa42f3\" data-element_type=\"widget\" data-widget_type=\"spacer.default\">\n\t\t\t\t<div class=\"elementor-widget-container\">\n\t\t\t\t\t<div class=\"elementor-spacer\">\n\t\t\t<div class=\"elementor-spacer-inner\"><\/div>\n\t\t<\/div>\n\t\t\t\t<\/div>\n\t\t\t\t<\/div>\n\t\t\t\t<div class=\"elementor-element elementor-element-e30f298 elementor-widget elementor-widget-wgl-timeline-vertical\" data-id=\"e30f298\" data-element_type=\"widget\" data-widget_type=\"wgl-timeline-vertical.default\">\n\t\t\t\t<div class=\"elementor-widget-container\">\n\t\t\t<div class=\"wgl-timeline-vertical appear_animation\"><div class=\"timeline__curve\"><\/div><div class=\"timeline__row\"><div class=\"row__item odd\"><div class=\"item__curve\"><\/div><div class=\"item__wrapper\"><div class=\"item__media\"><img decoding=\"async\" class=\"media__thumbnail--idle\" src=\"https:\/\/i0.wp.com\/www.distrab.com\/Word_Press\/wp-content\/uploads\/2021\/09\/timeline-1.jpg?ssl=1\" alt=\"timeline-1\" data-recalc-dims=\"1\"><\/div><div class=\"item__content\"><span class=\"content__date\">1982<\/span><h3 class=\"content__title\">Fundaci\u00f3n de la Compa\u00f1\u00eda<\/h3><div class=\"content__description\"><p><span>Abrimos nuestras puertas en Paloquemao - Bogot\u00e1.<\/span><\/p><\/div><\/div><\/div><\/div><div class=\"row__item even\"><div class=\"item__curve\"><\/div><div class=\"item__wrapper\"><div class=\"item__media\"><img decoding=\"async\" class=\"media__thumbnail--idle\" src=\"https:\/\/i0.wp.com\/www.distrab.com\/Word_Press\/wp-content\/uploads\/2021\/09\/timeline-2.jpg?ssl=1\" alt=\"timeline-2\" data-recalc-dims=\"1\"><\/div><div class=\"item__content\"><span class=\"content__date\">1992<\/span><h3 class=\"content__title\">Se completan m\u00e1s de 1000 \u00f3rdenes <\/h3><div class=\"content__description\"><p><span>Expansi\u00f3n al Departamento<\/span><span class=\"v1Apple-converted-space\">\u00a0<span>\u00a0<\/span><\/span><span>comercial y marcas<\/span><\/p><\/div><\/div><\/div><\/div><\/div><div class=\"timeline__row\"><div class=\"row__item odd\"><div class=\"item__curve\"><\/div><div class=\"item__wrapper\"><div class=\"item__media\"><img decoding=\"async\" class=\"media__thumbnail--idle\" src=\"https:\/\/i0.wp.com\/www.distrab.com\/Word_Press\/wp-content\/uploads\/2021\/09\/timeline-3.jpg?ssl=1\" alt=\"timeline-3\" data-recalc-dims=\"1\"><\/div><div class=\"item__content\"><span class=\"content__date\">2002<\/span><h3 class=\"content__title\">Nuevo Canal de Venta<\/h3><div class=\"content__description\"><p><span>Nueva sucursal en la ciudad de Bogot\u00e1<\/span><\/p><\/div><\/div><\/div><\/div><div class=\"row__item even\"><div class=\"item__curve\"><\/div><div class=\"item__wrapper\"><div class=\"item__media\"><img decoding=\"async\" class=\"media__thumbnail--idle\" src=\"https:\/\/i0.wp.com\/www.distrab.com\/Word_Press\/wp-content\/uploads\/2021\/09\/timeline-4.jpg?ssl=1\" alt=\"timeline-4\" data-recalc-dims=\"1\"><\/div><div class=\"item__content\"><span class=\"content__date\">2012<\/span><h3 class=\"content__title\">Nuevos Aliados Estrat\u00e9gicos <\/h3><div class=\"content__description\"><p><span>El comienzo de las importaciones y nuevos aliados.<\/span><\/p><\/div><\/div><\/div><\/div><\/div><div class=\"timeline__row\"><div class=\"row__item odd\"><div class=\"item__curve\"><\/div><div class=\"item__wrapper\"><div class=\"item__media\"><img decoding=\"async\" class=\"media__thumbnail--idle\" src=\"https:\/\/i0.wp.com\/www.distrab.com\/Word_Press\/wp-content\/uploads\/2021\/09\/timeline-5.jpg?ssl=1\" alt=\"timeline-5\" data-recalc-dims=\"1\"><\/div><div class=\"item__content\"><span class=\"content__date\">2021<\/span><h3 class=\"content__title\">Se apertura nuevo punto de venta<\/h3><div class=\"content__description\"><p>Construcci\u00f3n nuevo punto de venta en la ciudad de Medell\u00edn - Antioquia\u00a0<\/p><\/div><\/div><\/div><\/div><div class=\"row__item even\"><div class=\"item__curve\"><\/div><div class=\"item__wrapper\"><div class=\"item__media\"><img decoding=\"async\" class=\"media__thumbnail--idle\" src=\"https:\/\/i0.wp.com\/www.distrab.com\/Word_Press\/wp-content\/uploads\/2021\/09\/timeline-6.jpg?ssl=1\" alt=\"timeline-6\" data-recalc-dims=\"1\"><\/div><div class=\"item__content\"><span class=\"content__date\">2022<\/span><h3 class=\"content__title\">Cumplimos 40 a\u00f1os de experiencia<\/h3><div class=\"content__description\"><p><span>Expansi\u00f3n a nivel nacional e inauguraci\u00f3n punto de venta en la ciudad de Medell\u00edn.<\/span><\/p><\/div><\/div><\/div><\/div><\/div><\/div>\t\t<\/div>\n\t\t\t\t<\/div>\n\t\t\t\t<div class=\"elementor-element elementor-element-49419808 elementor-widget elementor-widget-spacer\" data-id=\"49419808\" data-element_type=\"widget\" data-widget_type=\"spacer.default\">\n\t\t\t\t<div class=\"elementor-widget-container\">\n\t\t\t\t\t<div class=\"elementor-spacer\">\n\t\t\t<div class=\"elementor-spacer-inner\"><\/div>\n\t\t<\/div>\n\t\t\t\t<\/div>\n\t\t\t\t<\/div>\n\t\t\t\t\t<\/div>\n\t\t<\/div>\n\t\t\t\t\t\t\t<\/div>\n\t\t<\/section>\n\t\t\t\t\t\t<\/div>\n\t\t\t\t\t<\/div>\n\t\t","protected":false},"excerpt":{"rendered":"<p>Historia de la compa\u00f1\u00eda Una historia de m\u00e1s de 39 a\u00f1os, sin embargo solo se puede explicar con cada paso, cada decisi\u00f3n y cada acierto que nos han llevado a ser quienes somos hoy. 1982 Fundaci\u00f3n de la Compa\u00f1\u00eda Abrimos nuestras puertas en Paloquemao &#8211; Bogot\u00e1. 1992 Se completan m\u00e1s de 1000 \u00f3rdenes Expansi\u00f3n al [&hellip;]<\/p>\n","protected":false},"author":1,"featured_media":0,"parent":0,"menu_order":0,"comment_status":"closed","ping_status":"closed","template":"","meta":{"_joinchat":[],"footnotes":""},"class_list":["post-5384","page","type-page","status-publish","hentry"],"yoast_head":"<!-- This site is optimized with the Yoast SEO plugin v27.5 - https:\/\/yoast.com\/product\/yoast-seo-wordpress\/ -->\n<title>Distrab Colombia - Experiencia<\/title>\n<meta name=\"robots\" content=\"index, follow, max-snippet:-1, max-image-preview:large, max-video-preview:-1\" \/>\n<link rel=\"canonical\" href=\"https:\/\/www.distrab.com\/Word_Press\/experiencia-2\/\" \/>\n<meta property=\"og:locale\" content=\"es_ES\" \/>\n<meta property=\"og:type\" content=\"article\" \/>\n<meta property=\"og:title\" content=\"Distrab Colombia - Experiencia\" \/>\n<meta property=\"og:description\" content=\"Historia de la compa\u00f1\u00eda Una historia de m\u00e1s de 39 a\u00f1os, sin embargo solo se puede explicar con cada paso, cada decisi\u00f3n y cada acierto que nos han llevado a ser quienes somos hoy. 1982 Fundaci\u00f3n de la Compa\u00f1\u00eda Abrimos nuestras puertas en Paloquemao &#8211; Bogot\u00e1. 1992 Se completan m\u00e1s de 1000 \u00f3rdenes Expansi\u00f3n al [&hellip;]\" \/>\n<meta property=\"og:url\" content=\"https:\/\/www.distrab.com\/Word_Press\/experiencia-2\/\" \/>\n<meta property=\"og:site_name\" content=\"Distrab Colombia\" \/>\n<meta property=\"article:publisher\" content=\"https:\/\/www.facebook.com\/profile.php?id=100075792741893&amp;mibextid=ZbWKwL\" \/>\n<meta property=\"article:modified_time\" content=\"2022-01-14T01:04:07+00:00\" \/>\n<meta property=\"og:image\" content=\"https:\/\/www.distrab.com\/Word_Press\/wp-content\/uploads\/2021\/09\/timeline-1.jpg\" \/>\n<meta name=\"twitter:card\" content=\"summary_large_image\" \/>\n<meta name=\"twitter:label1\" content=\"Tiempo de lectura\" \/>\n\t<meta name=\"twitter:data1\" content=\"1 minuto\" \/>\n<script type=\"application\/ld+json\" class=\"yoast-schema-graph\">{\"@context\":\"https:\\\/\\\/schema.org\",\"@graph\":[{\"@type\":\"WebPage\",\"@id\":\"https:\\\/\\\/www.distrab.com\\\/Word_Press\\\/experiencia-2\\\/\",\"url\":\"https:\\\/\\\/www.distrab.com\\\/Word_Press\\\/experiencia-2\\\/\",\"name\":\"Distrab Colombia - Experiencia\",\"isPartOf\":{\"@id\":\"https:\\\/\\\/www.distrab.com\\\/Word_Press\\\/#website\"},\"primaryImageOfPage\":{\"@id\":\"https:\\\/\\\/www.distrab.com\\\/Word_Press\\\/experiencia-2\\\/#primaryimage\"},\"image\":{\"@id\":\"https:\\\/\\\/www.distrab.com\\\/Word_Press\\\/experiencia-2\\\/#primaryimage\"},\"thumbnailUrl\":\"https:\\\/\\\/www.distrab.com\\\/Word_Press\\\/wp-content\\\/uploads\\\/2021\\\/09\\\/timeline-1.jpg\",\"datePublished\":\"2021-12-23T04:12:09+00:00\",\"dateModified\":\"2022-01-14T01:04:07+00:00\",\"breadcrumb\":{\"@id\":\"https:\\\/\\\/www.distrab.com\\\/Word_Press\\\/experiencia-2\\\/#breadcrumb\"},\"inLanguage\":\"es-CO\",\"potentialAction\":[{\"@type\":\"ReadAction\",\"target\":[\"https:\\\/\\\/www.distrab.com\\\/Word_Press\\\/experiencia-2\\\/\"]}]},{\"@type\":\"ImageObject\",\"inLanguage\":\"es-CO\",\"@id\":\"https:\\\/\\\/www.distrab.com\\\/Word_Press\\\/experiencia-2\\\/#primaryimage\",\"url\":\"https:\\\/\\\/i0.wp.com\\\/www.distrab.com\\\/Word_Press\\\/wp-content\\\/uploads\\\/2021\\\/09\\\/timeline-1.jpg?fit=228%2C298&ssl=1\",\"contentUrl\":\"https:\\\/\\\/i0.wp.com\\\/www.distrab.com\\\/Word_Press\\\/wp-content\\\/uploads\\\/2021\\\/09\\\/timeline-1.jpg?fit=228%2C298&ssl=1\",\"width\":228,\"height\":298},{\"@type\":\"BreadcrumbList\",\"@id\":\"https:\\\/\\\/www.distrab.com\\\/Word_Press\\\/experiencia-2\\\/#breadcrumb\",\"itemListElement\":[{\"@type\":\"ListItem\",\"position\":1,\"name\":\"Inicio\",\"item\":\"https:\\\/\\\/www.distrab.com\\\/Word_Press\\\/\"},{\"@type\":\"ListItem\",\"position\":2,\"name\":\"Experiencia\"}]},{\"@type\":\"WebSite\",\"@id\":\"https:\\\/\\\/www.distrab.com\\\/Word_Press\\\/#website\",\"url\":\"https:\\\/\\\/www.distrab.com\\\/Word_Press\\\/\",\"name\":\"Distrab Colombia\",\"description\":\"Distribuidora de abrasivos\",\"publisher\":{\"@id\":\"https:\\\/\\\/www.distrab.com\\\/Word_Press\\\/#organization\"},\"potentialAction\":[{\"@type\":\"SearchAction\",\"target\":{\"@type\":\"EntryPoint\",\"urlTemplate\":\"https:\\\/\\\/www.distrab.com\\\/Word_Press\\\/?s={search_term_string}\"},\"query-input\":{\"@type\":\"PropertyValueSpecification\",\"valueRequired\":true,\"valueName\":\"search_term_string\"}}],\"inLanguage\":\"es-CO\"},{\"@type\":\"Organization\",\"@id\":\"https:\\\/\\\/www.distrab.com\\\/Word_Press\\\/#organization\",\"name\":\"Distrab Colombia\",\"url\":\"https:\\\/\\\/www.distrab.com\\\/Word_Press\\\/\",\"logo\":{\"@type\":\"ImageObject\",\"inLanguage\":\"es-CO\",\"@id\":\"https:\\\/\\\/www.distrab.com\\\/Word_Press\\\/#\\\/schema\\\/logo\\\/image\\\/\",\"url\":\"https:\\\/\\\/www.distrab.com\\\/Word_Press\\\/wp-content\\\/uploads\\\/2021\\\/12\\\/LOGO-DISTRAB-DIC-14_2021.png\",\"contentUrl\":\"https:\\\/\\\/www.distrab.com\\\/Word_Press\\\/wp-content\\\/uploads\\\/2021\\\/12\\\/LOGO-DISTRAB-DIC-14_2021.png\",\"width\":1079,\"height\":339,\"caption\":\"Distrab Colombia\"},\"image\":{\"@id\":\"https:\\\/\\\/www.distrab.com\\\/Word_Press\\\/#\\\/schema\\\/logo\\\/image\\\/\"},\"sameAs\":[\"https:\\\/\\\/www.facebook.com\\\/profile.php?id=100075792741893&mibextid=ZbWKwL\",\"https:\\\/\\\/www.youtube.com\\\/channel\\\/UCRH9Fpg75K1QdmP1LHtD1ZA\"]}]}<\/script>\n<!-- \/ Yoast SEO plugin. -->","yoast_head_json":{"title":"Distrab Colombia - Experiencia","robots":{"index":"index","follow":"follow","max-snippet":"max-snippet:-1","max-image-preview":"max-image-preview:large","max-video-preview":"max-video-preview:-1"},"canonical":"https:\/\/www.distrab.com\/Word_Press\/experiencia-2\/","og_locale":"es_ES","og_type":"article","og_title":"Distrab Colombia - Experiencia","og_description":"Historia de la compa\u00f1\u00eda Una historia de m\u00e1s de 39 a\u00f1os, sin embargo solo se puede explicar con cada paso, cada decisi\u00f3n y cada acierto que nos han llevado a ser quienes somos hoy. 1982 Fundaci\u00f3n de la Compa\u00f1\u00eda Abrimos nuestras puertas en Paloquemao &#8211; Bogot\u00e1. 1992 Se completan m\u00e1s de 1000 \u00f3rdenes Expansi\u00f3n al [&hellip;]","og_url":"https:\/\/www.distrab.com\/Word_Press\/experiencia-2\/","og_site_name":"Distrab Colombia","article_publisher":"https:\/\/www.facebook.com\/profile.php?id=100075792741893&mibextid=ZbWKwL","article_modified_time":"2022-01-14T01:04:07+00:00","og_image":[{"url":"https:\/\/www.distrab.com\/Word_Press\/wp-content\/uploads\/2021\/09\/timeline-1.jpg","type":"","width":"","height":""}],"twitter_card":"summary_large_image","twitter_misc":{"Tiempo de lectura":"1 minuto"},"schema":{"@context":"https:\/\/schema.org","@graph":[{"@type":"WebPage","@id":"https:\/\/www.distrab.com\/Word_Press\/experiencia-2\/","url":"https:\/\/www.distrab.com\/Word_Press\/experiencia-2\/","name":"Distrab Colombia - Experiencia","isPartOf":{"@id":"https:\/\/www.distrab.com\/Word_Press\/#website"},"primaryImageOfPage":{"@id":"https:\/\/www.distrab.com\/Word_Press\/experiencia-2\/#primaryimage"},"image":{"@id":"https:\/\/www.distrab.com\/Word_Press\/experiencia-2\/#primaryimage"},"thumbnailUrl":"https:\/\/www.distrab.com\/Word_Press\/wp-content\/uploads\/2021\/09\/timeline-1.jpg","datePublished":"2021-12-23T04:12:09+00:00","dateModified":"2022-01-14T01:04:07+00:00","breadcrumb":{"@id":"https:\/\/www.distrab.com\/Word_Press\/experiencia-2\/#breadcrumb"},"inLanguage":"es-CO","potentialAction":[{"@type":"ReadAction","target":["https:\/\/www.distrab.com\/Word_Press\/experiencia-2\/"]}]},{"@type":"ImageObject","inLanguage":"es-CO","@id":"https:\/\/www.distrab.com\/Word_Press\/experiencia-2\/#primaryimage","url":"https:\/\/i0.wp.com\/www.distrab.com\/Word_Press\/wp-content\/uploads\/2021\/09\/timeline-1.jpg?fit=228%2C298&ssl=1","contentUrl":"https:\/\/i0.wp.com\/www.distrab.com\/Word_Press\/wp-content\/uploads\/2021\/09\/timeline-1.jpg?fit=228%2C298&ssl=1","width":228,"height":298},{"@type":"BreadcrumbList","@id":"https:\/\/www.distrab.com\/Word_Press\/experiencia-2\/#breadcrumb","itemListElement":[{"@type":"ListItem","position":1,"name":"Inicio","item":"https:\/\/www.distrab.com\/Word_Press\/"},{"@type":"ListItem","position":2,"name":"Experiencia"}]},{"@type":"WebSite","@id":"https:\/\/www.distrab.com\/Word_Press\/#website","url":"https:\/\/www.distrab.com\/Word_Press\/","name":"Distrab Colombia","description":"Distribuidora de abrasivos","publisher":{"@id":"https:\/\/www.distrab.com\/Word_Press\/#organization"},"potentialAction":[{"@type":"SearchAction","target":{"@type":"EntryPoint","urlTemplate":"https:\/\/www.distrab.com\/Word_Press\/?s={search_term_string}"},"query-input":{"@type":"PropertyValueSpecification","valueRequired":true,"valueName":"search_term_string"}}],"inLanguage":"es-CO"},{"@type":"Organization","@id":"https:\/\/www.distrab.com\/Word_Press\/#organization","name":"Distrab Colombia","url":"https:\/\/www.distrab.com\/Word_Press\/","logo":{"@type":"ImageObject","inLanguage":"es-CO","@id":"https:\/\/www.distrab.com\/Word_Press\/#\/schema\/logo\/image\/","url":"https:\/\/www.distrab.com\/Word_Press\/wp-content\/uploads\/2021\/12\/LOGO-DISTRAB-DIC-14_2021.png","contentUrl":"https:\/\/www.distrab.com\/Word_Press\/wp-content\/uploads\/2021\/12\/LOGO-DISTRAB-DIC-14_2021.png","width":1079,"height":339,"caption":"Distrab Colombia"},"image":{"@id":"https:\/\/www.distrab.com\/Word_Press\/#\/schema\/logo\/image\/"},"sameAs":["https:\/\/www.facebook.com\/profile.php?id=100075792741893&mibextid=ZbWKwL","https:\/\/www.youtube.com\/channel\/UCRH9Fpg75K1QdmP1LHtD1ZA"]}]}},"_links":{"self":[{"href":"https:\/\/www.distrab.com\/Word_Press\/wp-json\/wp\/v2\/pages\/5384","targetHints":{"allow":["GET"]}}],"collection":[{"href":"https:\/\/www.distrab.com\/Word_Press\/wp-json\/wp\/v2\/pages"}],"about":[{"href":"https:\/\/www.distrab.com\/Word_Press\/wp-json\/wp\/v2\/types\/page"}],"author":[{"embeddable":true,"href":"https:\/\/www.distrab.com\/Word_Press\/wp-json\/wp\/v2\/users\/1"}],"replies":[{"embeddable":true,"href":"https:\/\/www.distrab.com\/Word_Press\/wp-json\/wp\/v2\/comments?post=5384"}],"version-history":[{"count":161,"href":"https:\/\/www.distrab.com\/Word_Press\/wp-json\/wp\/v2\/pages\/5384\/revisions"}],"predecessor-version":[{"id":5780,"href":"https:\/\/www.distrab.com\/Word_Press\/wp-json\/wp\/v2\/pages\/5384\/revisions\/5780"}],"wp:attachment":[{"href":"https:\/\/www.distrab.com\/Word_Press\/wp-json\/wp\/v2\/media?parent=5384"}],"curies":[{"name":"wp","href":"https:\/\/api.w.org\/{rel}","templated":true}]}}